{"id":8,"date":"2023-04-26T11:48:51","date_gmt":"2023-04-26T09:48:51","guid":{"rendered":"https:\/\/wp.tennconsult.de\/?page_id=8"},"modified":"2023-08-02T11:51:11","modified_gmt":"2023-08-02T09:51:11","slug":"start","status":"publish","type":"page","link":"https:\/\/tennconsult.de\/","title":{"rendered":"Start"},"content":{"rendered":"<p>[et_pb_section fb_built=&#8221;1&#8243; _builder_version=&#8221;4.20.4&#8243; _module_preset=&#8221;default&#8221; global_colors_info=&#8221;{}&#8221;][et_pb_row column_structure=&#8221;1_2,1_2&#8243; _builder_version=&#8221;4.20.4&#8243; _module_preset=&#8221;default&#8221; global_colors_info=&#8221;{}&#8221;][et_pb_column type=&#8221;1_2&#8243; _builder_version=&#8221;4.20.4&#8243; _module_preset=&#8221;default&#8221; global_colors_info=&#8221;{}&#8221;][et_pb_text _builder_version=&#8221;4.20.4&#8243; _module_preset=&#8221;default&#8221; custom_margin=&#8221;|-51px||||&#8221; global_colors_info=&#8221;{}&#8221;]<\/p>\n<h1>Konzepte, Realisierung, Optimierung &#8230;<\/h1>\n<p>Planen Sie ein neues Projekt oder steht die Realisierung an?<\/p>\n<p>Wollen Sie Hinweise, wie Sie eine bestehende Kommunikationsma\u00dfnahme optimieren k\u00f6nnen? \u00dcber 30 Jahre war ich in Unternehmen und zuletzt mit der eigenen Firma f\u00fcr alle Bereiche der Kommunikation und des Marketings verantwortlich. Jetzt setze ich diese Erfahrungen f\u00fcr Sie ein.<br \/>Sie erhalten von mir:<\/p>\n<ul>\n<li>Beratung, Konzeption und Kreation<\/li>\n<li>Die komplette oder teilweise Umsetzung und Durchf\u00fchrung oder die \u00dcberwachung Ihrer Dienstleister<\/li>\n<li>Hinweise auf neue Ideen und m\u00f6gliche Optimierungen<\/li>\n<\/ul>\n<p>Dies gilt f\u00fcr alle Kommunikationsma\u00dfnahmen. Vom Prospekt und Internettext \u00fcber Pressemitteilungen, Redaktionskontakte, Fachartikel und Ghostwriting bis zu Umfragen zur Kundenzufriedenheit und kompletten schl\u00fcsselfertigen Messeauftritten.<\/p>\n<p>[\/et_pb_text][\/et_pb_column][et_pb_column type=&#8221;1_2&#8243; _builder_version=&#8221;4.20.4&#8243; _module_preset=&#8221;default&#8221; global_colors_info=&#8221;{}&#8221;][et_pb_image src=&#8221;https:\/\/tennconsult.de\/wp-content\/uploads\/2023\/04\/publicrelations_adaption-scaled.jpg&#8221; title_text=&#8221;publicrelations_adaption&#8221; _builder_version=&#8221;4.21.2&#8243; _module_preset=&#8221;default&#8221; hover_enabled=&#8221;0&#8243; global_colors_info=&#8221;{}&#8221; sticky_enabled=&#8221;0&#8243;][\/et_pb_image][\/et_pb_column][\/et_pb_row][\/et_pb_section]<\/p>\n","protected":false},"excerpt":{"rendered":"<p>Konzepte, Realisierung, Optimierung &#8230; Planen Sie ein neues Projekt oder steht die Realisierung an? Wollen Sie Hinweise, wie Sie eine bestehende Kommunikationsma\u00dfnahme optimieren k\u00f6nnen? \u00dcber 30 Jahre war ich in Unternehmen und zuletzt mit der eigenen Firma f\u00fcr alle Bereiche der Kommunikation und des Marketings verantwortlich. Jetzt setze ich diese Erfahrungen f\u00fcr Sie ein.Sie erhalten [&hellip;]<\/p>\n","protected":false},"author":1,"featured_media":0,"parent":0,"menu_order":0,"comment_status":"closed","ping_status":"closed","template":"","meta":{"_et_pb_use_builder":"on","_et_pb_old_content":"","_et_gb_content_width":"","footnotes":""},"class_list":["post-8","page","type-page","status-publish","hentry"],"_links":{"self":[{"href":"https:\/\/tennconsult.de\/index.php?rest_route=\/wp\/v2\/pages\/8","targetHints":{"allow":["GET"]}}],"collection":[{"href":"https:\/\/tennconsult.de\/index.php?rest_route=\/wp\/v2\/pages"}],"about":[{"href":"https:\/\/tennconsult.de\/index.php?rest_route=\/wp\/v2\/types\/page"}],"author":[{"embeddable":true,"href":"https:\/\/tennconsult.de\/index.php?rest_route=\/wp\/v2\/users\/1"}],"replies":[{"embeddable":true,"href":"https:\/\/tennconsult.de\/index.php?rest_route=%2Fwp%2Fv2%2Fcomments&post=8"}],"version-history":[{"count":9,"href":"https:\/\/tennconsult.de\/index.php?rest_route=\/wp\/v2\/pages\/8\/revisions"}],"predecessor-version":[{"id":105,"href":"https:\/\/tennconsult.de\/index.php?rest_route=\/wp\/v2\/pages\/8\/revisions\/105"}],"wp:attachment":[{"href":"https:\/\/tennconsult.de\/index.php?rest_route=%2Fwp%2Fv2%2Fmedia&parent=8"}],"curies":[{"name":"wp","href":"https:\/\/api.w.org\/{rel}","templated":true}]}}